?
9
Let t(f) = -18*f - 8. Let l be t(-2). What is the highest common factor of 154 and l?
14
Let a(q) = q**2 + 27*q + 16 - 18*q + 0*q**2 - 4. Let n be a(-9). Let p be -1*n/4 - -4. Calculate the greatest common divisor of 11 and p.
1
Let a = -29 + 57. Suppose -5*y + 45 = -5*m, 3*y - 5 = 4*y. Let g be m/((3/(-6))/1). Calculate the highest common factor of a and g.
28
Let c(x) = -19*x - 1. Let n be c(1). Let h = -12 - n. Let t = 29 - 17. What is the greatest common divisor of t and h?
4
Suppose -9*h = -82 - 98. Suppose -3*u + 3*m + 90 = -m, -30 = -u - 3*m. Calculate the greatest common divisor of u and h.
10
Suppose 0 = 7*l - l - 756. Calculate the greatest common factor of l and 18.
18
Let a be 10/(-2)*(-14)/5. Let z = 352 - 348. Suppose 0 = -z*r + a + 58. Calculate the highest common factor of 126 and r.
18
Let i(o) = 2*o**2. Let d be i(2). Suppose -4*q = -d*q + 48. What is the greatest common divisor of q and 48?
12
Suppose 2*k = v + 59, k + v = -k + 65. Calculate the greatest common divisor of 496 and k.
31
Suppose 12*s - 9*s = -135. Let b = -33 - s. Calculate the greatest common divisor of b and 36.
12
Suppose 18*o = 41*o - 21*o - 748. Suppose 2*u - 39 = -u. Let z = u + 21. Calculate the highest common factor of z and o.
34
Let b(g) be the second derivative of -3*g + 7/2*g**2 + 5/6*g**3 + 0. Let n be b(5). Calculate the highest common divisor of 4 and n.
4
Let c(b) = -11*b**3 + b**2 + b. Let m be c(-1). Let x be (-4)/(-1)*5/20. Calculate the greatest common divisor of x and m.
1
Suppose 19*b = 65 + 201. Calculate the highest common factor of 315 and b.
7
Let o = 1071 + -1007. What is the highest common factor of 16 and o?
16
Let z = -1588 + 1698. Calculate the highest common divisor of z and 50.
10
Let p(b) = -2*b**3 - 28*b**2 - 155*b + 10. Let q be p(-10). Calculate the highest common factor of 80 and q.
40
Let m(c) = -2*c**2 + 12*c + 5. Let r be m(6). Suppose 6*b = 7 + r. What is the highest common factor of b and 10?
2
Let x(i) = 3*i - 2 - 1 + i + i**3 + 4 + 5*i**2. Let h be x(-4). Let f be (-4 + h)*(-68)/6. Calculate the highest common divisor of f and 17.
17
Let d be 2/(-4) - 1305/(-6). Let v(b) = b - 83. Let i be v(-9). Let l = i + d. Calculate the greatest common divisor of l and 25.
25
Let z = -28 - 22. Let q = z - -60. What is the greatest common divisor of q and 25?
5
Let w = 19 - 14. Suppose -2*i - 2 = 0, -8 = 5*m - 2*i - 185. Calculate the greatest common factor of m and w.
5
Suppose -21*r + 2172 - 786 = 0. Calculate the greatest common factor of r and 6.
6
Suppose 0 + 2 = -2*u + 4*q, u - 5*q = -7. Suppose 4*y = u*y + 4. Let x = 82 - 80. Calculate the highest common divisor of x and y.
2
Suppose -5*y - 5 = -4*y. Let s be 5 - 2 - (-51 + y). Suppose 5*r + s - 179 = 0. Calculate the highest common divisor of 16 and r.
8
Let j be ((-6)/12)/((-2)/4). Suppose -5*a - 15 = -30. Suppose 0 = -a*z + 12. What is the greatest common divisor of j and z?
1
Suppose -3*w = -b - 4*w + 4, -3*b - 5*w + 2 = 0. Suppose -2*a = -4, -5*a = -5*y + 453 - 148. What is the highest common divisor of b and y?
9
Let u be 3 + 16 - 0/1 - 2. Let m(g) = 2*g + 6. Let w be m(-6). Let c(k) = 3*k**2 + 5*k + 7. Let p be c(w). What is the greatest common divisor of p and u?
17
Suppose 93 = 3*z + 3*x, z - 37 = 8*x - 3*x. What is the highest common divisor of z and 256?
32
Let y = 93 + -91. Suppose -5*s = -y*v - 90, -2*s + 5*v + 89 = 2*s. What is the highest common factor of s and 128?
16
Suppose 0 = -10*k + 14*k. Suppose -w - w + 54 = k. Calculate the greatest common divisor of w and 216.
27
Suppose 0 = -4*l + 1720 - 184. What is the greatest common divisor of 24 and l?
24
Let k(w) = -w**3 + 15*w**2 + 3*w - 28. Let i be k(15). What is the highest common factor of 323 and i?
17
Let n = -68 - -70. Suppose -x - n*x + 390 = 0. Calculate the greatest common factor of 52 and x.
26
Let i be (-114)/5*15/(-2). Let n = i - 111. What is the highest common factor of 12 and n?
12
Suppose 769 = 4*z - r + 209, -r = -3*z + 420. Let w be (-1 + -7)/((-10)/z). Calculate the greatest common factor of 14 and w.
14
Let g = 2104 + -2030. Calculate the highest common factor of g and 666.
74
Let v = 307 + -83. Suppose -5*n + 5*s + 495 = 0, 42 + 61 = n - 5*s. Suppose 4*a - 14 = n. Calculate the greatest common factor of a and v.
28
Let s = 186 - 176. What is the highest common divisor of s and 50?
10
Suppose 0 = -5*h + 4*l + 192, 2*l = -h - 2*l + 24. Let j be 9/(-6) - (-39)/2. Calculate the greatest common factor of j and h.
18
Let p be (4 + -1)/(-3) + -4. Let d be -1 + (-65)/p + 2. Calculate the greatest common factor of d and 2.
2
Suppose 0 = 8*a + 10*a - 108. Calculate the highest common divisor of a and 22.
2
Suppose -1 = -x, -j + 6*x = -0*j - 42. What is the greatest common divisor of j and 128?
16
Suppose 6*k = 2*k. Let t = 106 - 101. Suppose -5*b - t = k, 4*b = -5*g + 5*b + 61. Calculate the highest common factor of 48 and g.
12
Let m = 15 + -8. Suppose 23 = 4*q + m. Suppose -c + 3*r + 19 = 0, -7*r = q*c - 2*r - 8. Calculate the highest common divisor of c and 7.
7
Suppose -35 = -3*l + 8*l. Let b be (l + 7 + -4)/(-1). Let n be (-1)/(b/(-1) - -3). Calculate the greatest common divisor of 11 and n.
1
Let q = -10 - -28. Let g = -12 + 14. Suppose -3*i - 2*w + 98 = 0, 2*i + 5*w = -g*i + 119. What is the highest common factor of i and q?
18
Let o be (-2 + -5)/(9/117). Let b = 97 + o. What is the greatest common factor of 12 and b?
6
Let x(p) = 20*p**3 - 1. Let r be x(1). Let s = 365 + -289. What is the highest common divisor of s and r?
19
Suppose 66*l - 64*l - 1032 = 0. What is the greatest common factor of l and 24?
12
Let x(n) = -n**3 - 6*n**2 - 7*n - 7. Let r be -7 + 1 - (-3 + 2). Let f be x(r). Let b be (-1 - (-2 + 6)) + 11. Calculate the highest common factor of b and f.
3
Let d(q) = 26*q - 1. Let s be d(-6). Let g = -48 + 296. Let p = s + g. What is the greatest common divisor of 13 and p?
13
Let a be 1 - (-1)/(-3) - (-5716)/12. What is the greatest common divisor of 53 and a?
53
Let l = 31 - 30. Let h be (l + 1645/(-25))*5. Let b be h/(-48) - (-1)/4. What is the highest common divisor of 56 and b?
7
Suppose -3 - 9 = -4*c. Suppose -c*q + 5*q = 5*j + 112, -4*q + 244 = -5*j. Suppose 0 = 10*z - 138 - 302. Calculate the greatest common factor of q and z.
22
Let m be 2/8 + (-9)/4. Let d(g) = 9 + 4*g**2 - 6*g + 3*g - 3 - 8. Let l be d(m). What is the highest common factor of l and 180?
20
Let f be (-4)/3*-27*11/132. Calculate the highest common divisor of f and 31.
1
Suppose 2*v - r + 1 = 0, -18 = 4*v + 3*r - 41. What is the greatest common factor of 46 and v?
2
Let h be (-102)/(-85)*10/4. Suppose h*u - 120 = -4*z, 4*u = -4*z + 2*u + 120. Calculate the greatest common divisor of z and 30.
30
Let d be 7/(1 - 8) + 417. What is the highest common divisor of d and 39?
13
Let j(y) = 3*y**2 - 16*y - 8. Let o be j(6). Let u be (-3)/2*(-2)/1. Suppose u*q - 8 = q. What is the greatest common factor of o and q?
4
Let l(x) = -1888*x. Let u be l(-1). What is the greatest common factor of 59 and u?
59
Let f be (5/3)/5 - 47/(-3). Let w = f - -14. What is the greatest common factor of 45 and w?
15
Let y = -111 + 158. Let a = 1 + y. What is the greatest common divisor of a and 8?
8
Let g = -431 + 674. Calculate the greatest common factor of g and 3.
3
Let y(g) = -g**2 - 2*g - 2. Let v be y(-3). Let m be 2 + (4/(-4) - v). Let w = m + 3. Calculate the greatest common factor of w and 18.
9
Suppose m - 5*b = 8, 5*b - 2*b + 23 = 2*m. Let a be ((-2 - -1) + 0)*-13. What is the highest common factor of m and a?
13
Suppose 20 + 55 = 5*n. Suppose -3*g - 216 = -g. Let p be (g/(-8))/((-2)/(-20)). What is the highest common factor of p and n?
15
Let g be ((-3)/9)/(1862/(-186) + 10). Suppose -5*u - 2*s - 260 = -1, 2*u + 96 = 3*s. Let y = 206 + u. Calculate the highest common factor of y and g.
31
Let m(j) = j + 10. Let h be m(-9). Let t = h - -10. Let l(u) = -6*u + 11. Let g be l(-11). What is the highest common factor of t and g?
11
Let d be (2 - 5) + -2 + 567/7. Calculate the highest common factor of 12 and d.
4
Let p(z) = -z**2 - 10*z + 21. Let q be p(-12). Let f be (q/(-2))/(6/20). Calculate the highest common factor of f and 55.
5
Let h(p) = 3*p**2 + 4*p + 3. Let m be h(-3). Suppose a = -2*a + m. Let z be (-830)/(-